{"id":4988,"date":"2024-10-30T10:53:41","date_gmt":"2024-10-30T09:53:41","guid":{"rendered":"https:\/\/ent2d.ac-bordeaux.fr\/disciplines\/anglais\/?page_id=4988"},"modified":"2025-02-03T18:24:25","modified_gmt":"2025-02-03T17:24:25","slug":"sections-linguistiques","status":"publish","type":"page","link":"https:\/\/ent2d.ac-bordeaux.fr\/disciplines\/anglais\/leleve\/sections-linguistiques\/","title":{"rendered":"Sections linguistiques"},"content":{"rendered":"<p><a href=\"http:\/\/eduscol.education.fr\/cid46517\/presentation.html\" target=\"_blank\" rel=\"noopener\">Les sections europ\u00e9ennes \u2013 Eduscol\u00a0<\/a><\/p>\n<p><a href=\"https:\/\/eduscol.education.fr\/681\/apprendre-en-langue-vivante-selo-et-dnl-hors-selo\" target=\"_blank\" rel=\"noopener\">Apprendre en langue vivante (SELO et DNL hors SELO)<\/a><\/p>\n<p><a href=\"https:\/\/www.education.gouv.fr\/les-sections-internationales-au-lycee-2606\" target=\"_blank\" rel=\"noopener\">Les sections internationales au lyc\u00e9e<\/a><\/p>\n<p><a href=\"https:\/\/www.education.gouv.fr\/reussir-au-lycee\/le-baccalaureat-francais-international-bfi-5960\" target=\"_blank\" rel=\"noopener\">Le baccalaur\u00e9at Fran\u00e7ais International (BFI)<\/a><\/p>\n<ul>\n<li style=\"text-align: left\">Site d&#8217;accompagnement<\/li>\n<\/ul>\n<p><a href=\"https:\/\/agence.erasmusplus.fr\/\" target=\"_blank\" rel=\"noopener\">Agence ERAMUS +<\/a><\/p>\n","protected":false},"excerpt":{"rendered":"<p>Les sections europ\u00e9ennes \u2013 Eduscol\u00a0 Apprendre en langue vivante (SELO et DNL hors SELO) Les sections internationales au lyc\u00e9e Le baccalaur\u00e9at Fran\u00e7ais International (BFI) Site d&#8217;accompagnement Agence ERAMUS +<\/p>\n","protected":false},"author":19,"featured_media":5018,"parent":4981,"menu_order":0,"comment_status":"closed","ping_status":"closed","template":"","meta":{"footnotes":""},"class_list":["post-4988","page","type-page","status-publish","has-post-thumbnail","hentry"],"_links":{"self":[{"href":"https:\/\/ent2d.ac-bordeaux.fr\/disciplines\/anglais\/wp-json\/wp\/v2\/pages\/4988","targetHints":{"allow":["GET"]}}],"collection":[{"href":"https:\/\/ent2d.ac-bordeaux.fr\/disciplines\/anglais\/wp-json\/wp\/v2\/pages"}],"about":[{"href":"https:\/\/ent2d.ac-bordeaux.fr\/disciplines\/anglais\/wp-json\/wp\/v2\/types\/page"}],"author":[{"embeddable":true,"href":"https:\/\/ent2d.ac-bordeaux.fr\/disciplines\/anglais\/wp-json\/wp\/v2\/users\/19"}],"replies":[{"embeddable":true,"href":"https:\/\/ent2d.ac-bordeaux.fr\/disciplines\/anglais\/wp-json\/wp\/v2\/comments?post=4988"}],"version-history":[{"count":4,"href":"https:\/\/ent2d.ac-bordeaux.fr\/disciplines\/anglais\/wp-json\/wp\/v2\/pages\/4988\/revisions"}],"predecessor-version":[{"id":5019,"href":"https:\/\/ent2d.ac-bordeaux.fr\/disciplines\/anglais\/wp-json\/wp\/v2\/pages\/4988\/revisions\/5019"}],"up":[{"embeddable":true,"href":"https:\/\/ent2d.ac-bordeaux.fr\/disciplines\/anglais\/wp-json\/wp\/v2\/pages\/4981"}],"wp:featuredmedia":[{"embeddable":true,"href":"https:\/\/ent2d.ac-bordeaux.fr\/disciplines\/anglais\/wp-json\/wp\/v2\/media\/5018"}],"wp:attachment":[{"href":"https:\/\/ent2d.ac-bordeaux.fr\/disciplines\/anglais\/wp-json\/wp\/v2\/media?parent=4988"}],"curies":[{"name":"wp","href":"https:\/\/api.w.org\/{rel}","templated":true}]}}