{"id":4963,"date":"2024-10-30T09:22:16","date_gmt":"2024-10-30T08:22:16","guid":{"rendered":"https:\/\/ent2d.ac-bordeaux.fr\/disciplines\/anglais\/?page_id=4963"},"modified":"2025-02-13T13:37:38","modified_gmt":"2025-02-13T12:37:38","slug":"les-concours","status":"publish","type":"page","link":"https:\/\/ent2d.ac-bordeaux.fr\/disciplines\/anglais\/lenseignant\/les-concours\/","title":{"rendered":"Les concours"},"content":{"rendered":"<h2 style=\"text-align: center\">Le CAPES<\/h2>\n<p>Retrouvez <a href=\"https:\/\/www.devenirenseignant.gouv.fr\/enseigner-au-college-ou-au-lycee-general-le-capes-118\" target=\"_blank\" rel=\"noopener\">ici<\/a> des informations g\u00e9n\u00e9rales concernant le CAPES<\/p>\n<p>Retrouvez <a href=\"https:\/\/saesfrance.org\/concours\/capes\/capes-externe\/programmes-capes\/\" target=\"_blank\" rel=\"noopener\">ici<\/a> les programmes du CAPES externe de la session actuelle et des pr\u00e9c\u00e9dentes<\/p>\n<p>Retrouvez <a href=\"https:\/\/saesfrance.org\/concours\/capes\/capes-externe\/rapports-capes\/\" target=\"_blank\" rel=\"noopener\">ici<\/a> les rapports de jury du CAPES externe<\/p>\n<h2 style=\"text-align: center\">L&#8217;agr\u00e9gation externe<\/h2>\n<p>Retrouvez <a href=\"https:\/\/www.devenirenseignant.gouv.fr\/les-epreuves-de-l-agregation-externe-section-langues-vivantes-etrangeres-anglais-892\" target=\"_blank\" rel=\"noopener\">ici<\/a> des informations g\u00e9n\u00e9rales concernant l&#8217;agr\u00e9gation externe d&#8217;anglais<\/p>\n<p>Retrouvez <a href=\"https:\/\/saesfrance.org\/concours\/textes-officiels\/agregation-externe-programmes\/\" target=\"_blank\" rel=\"noopener\">ici<\/a> les programmes de l&#8217;agr\u00e9gation externe de la session actuelle et des pr\u00e9c\u00e9dentes<\/p>\n<p>Retrouvez <a href=\"https:\/\/saesfrance.org\/concours\/agregations\/agregation-externe\/rapports-du-jury-de-lagregation-externe\/\" target=\"_blank\" rel=\"noopener\">ici<\/a> les rapports de jury de l&#8217;agr\u00e9gation externe<\/p>\n<h2 style=\"text-align: center\">L&#8217;agr\u00e9gation interne<\/h2>\n<p>Retrouvez <a href=\"https:\/\/www.devenirenseignant.gouv.fr\/les-epreuves-de-l-agregation-interne-et-du-caerpa-section-langues-vivantes-etrangeres-973\" target=\"_blank\" rel=\"noopener\">ici<\/a> des informations g\u00e9n\u00e9rales concernant l&#8217;agr\u00e9gation interne d&#8217;anglais<\/p>\n<p>Retrouvez <a href=\"https:\/\/saesfrance.org\/concours\/agregations\/agregation-interne\/programmes-agregation-interne\/\" target=\"_blank\" rel=\"noopener\">ici<\/a> les programmes de l&#8217;agr\u00e9gation interne de la session actuelle et des pr\u00e9c\u00e9dentes<\/p>\n<p>Retrouvez <a href=\"https:\/\/saesfrance.org\/concours\/agregations\/agregation-interne\/rapports-agregation-interne\/\" target=\"_blank\" rel=\"noopener\">ici<\/a> les rapports de jury de l&#8217;agr\u00e9gation interne<\/p>\n","protected":false},"excerpt":{"rendered":"<p>Le CAPES Retrouvez ici des informations g\u00e9n\u00e9rales concernant le CAPES Retrouvez ici les programmes du CAPES externe de la session actuelle et des pr\u00e9c\u00e9dentes Retrouvez ici les rapports de jury &#8230;<\/p>\n","protected":false},"author":19,"featured_media":4600,"parent":4964,"menu_order":0,"comment_status":"closed","ping_status":"closed","template":"","meta":{"footnotes":""},"class_list":["post-4963","page","type-page","status-publish","has-post-thumbnail","hentry"],"_links":{"self":[{"href":"https:\/\/ent2d.ac-bordeaux.fr\/disciplines\/anglais\/wp-json\/wp\/v2\/pages\/4963","targetHints":{"allow":["GET"]}}],"collection":[{"href":"https:\/\/ent2d.ac-bordeaux.fr\/disciplines\/anglais\/wp-json\/wp\/v2\/pages"}],"about":[{"href":"https:\/\/ent2d.ac-bordeaux.fr\/disciplines\/anglais\/wp-json\/wp\/v2\/types\/page"}],"author":[{"embeddable":true,"href":"https:\/\/ent2d.ac-bordeaux.fr\/disciplines\/anglais\/wp-json\/wp\/v2\/users\/19"}],"replies":[{"embeddable":true,"href":"https:\/\/ent2d.ac-bordeaux.fr\/disciplines\/anglais\/wp-json\/wp\/v2\/comments?post=4963"}],"version-history":[{"count":4,"href":"https:\/\/ent2d.ac-bordeaux.fr\/disciplines\/anglais\/wp-json\/wp\/v2\/pages\/4963\/revisions"}],"predecessor-version":[{"id":5021,"href":"https:\/\/ent2d.ac-bordeaux.fr\/disciplines\/anglais\/wp-json\/wp\/v2\/pages\/4963\/revisions\/5021"}],"up":[{"embeddable":true,"href":"https:\/\/ent2d.ac-bordeaux.fr\/disciplines\/anglais\/wp-json\/wp\/v2\/pages\/4964"}],"wp:featuredmedia":[{"embeddable":true,"href":"https:\/\/ent2d.ac-bordeaux.fr\/disciplines\/anglais\/wp-json\/wp\/v2\/media\/4600"}],"wp:attachment":[{"href":"https:\/\/ent2d.ac-bordeaux.fr\/disciplines\/anglais\/wp-json\/wp\/v2\/media?parent=4963"}],"curies":[{"name":"wp","href":"https:\/\/api.w.org\/{rel}","templated":true}]}}