{"id":788,"date":"2018-10-22T11:32:16","date_gmt":"2018-10-22T09:32:16","guid":{"rendered":"https:\/\/ent2d.ac-bordeaux.fr\/disciplines\/allemand\/?page_id=788"},"modified":"2020-10-23T17:40:54","modified_gmt":"2020-10-23T15:40:54","slug":"textes-officiels-bo","status":"publish","type":"page","link":"https:\/\/ent2d.ac-bordeaux.fr\/disciplines\/allemand\/textes-officiels-bo\/","title":{"rendered":"Textes officiels : BO"},"content":{"rendered":"<h4><span style=\"color: #ff0000\">Certifications<\/span> : ce que dit le BO :<\/h4>\n<p><a href=\"https:\/\/www.education.gouv.fr\/bo\/20\/Hebdo39\/MENE2025407N.htm\" target=\"_blank\" rel=\"noopener noreferrer\"><img loading=\"lazy\" decoding=\"async\" class=\"wp-image-772 aligncenter\" src=\"https:\/\/ent2d.ac-bordeaux.fr\/disciplines\/allemand\/wp-content\/uploads\/sites\/11\/2018\/10\/BO-1-300x109.png\" alt=\"\" width=\"218\" height=\"79\" srcset=\"https:\/\/ent2d.ac-bordeaux.fr\/disciplines\/allemand\/wp-content\/uploads\/sites\/11\/2018\/10\/BO-1-300x109.png 300w, https:\/\/ent2d.ac-bordeaux.fr\/disciplines\/allemand\/wp-content\/uploads\/sites\/11\/2018\/10\/BO-1.png 370w\" sizes=\"auto, (max-width: 218px) 100vw, 218px\" \/><\/a><\/p>\n<p>Dans l&rsquo;acad\u00e9mie de Bordeaux : Les \u00e9preuves \u00e9crites du DSD 1 auront lieu le <strong>mercredi 10 mars 2021<\/strong> de 9h \u00e0 12h.<\/p>\n<p>Les \u00e9preuves orales devront \u00eatre organis\u00e9es <strong>entre le 1er f\u00e9vrier et le 26 mars 2021<\/strong>.<\/p>\n<h4><span style=\"color: #ff0000\">MOBILITE INDIVIDUELLE ET COLLECTIVE :<\/span> ce que dit le BO<\/h4>\n<p><a href=\"https:\/\/www.education.gouv.fr\/bo\/16\/Hebdo24\/MENE1615925C.htm\" target=\"_blank\" rel=\"noopener noreferrer\"><img loading=\"lazy\" decoding=\"async\" class=\"aligncenter wp-image-772\" src=\"https:\/\/ent2d.ac-bordeaux.fr\/disciplines\/allemand\/wp-content\/uploads\/sites\/11\/2018\/10\/BO-1-300x109.png\" alt=\"\" width=\"218\" height=\"79\" srcset=\"https:\/\/ent2d.ac-bordeaux.fr\/disciplines\/allemand\/wp-content\/uploads\/sites\/11\/2018\/10\/BO-1-300x109.png 300w, https:\/\/ent2d.ac-bordeaux.fr\/disciplines\/allemand\/wp-content\/uploads\/sites\/11\/2018\/10\/BO-1.png 370w\" sizes=\"auto, (max-width: 218px) 100vw, 218px\" \/><\/a><\/p>\n<h4><span style=\"color: #ff0000\">EPREUVES DU BACCALAUREAT \/ SESSION 2021<\/span><\/h4>\n<p><a href=\"http:\/\/www.education.gouv.fr\/cid145\/le-baccalaureat-general.html\" target=\"_blank\" rel=\"noopener noreferrer\"><img loading=\"lazy\" decoding=\"async\" class=\"aligncenter wp-image-772\" src=\"https:\/\/ent2d.ac-bordeaux.fr\/disciplines\/allemand\/wp-content\/uploads\/sites\/11\/2018\/10\/BO-1-300x109.png\" alt=\"\" width=\"218\" height=\"79\" srcset=\"https:\/\/ent2d.ac-bordeaux.fr\/disciplines\/allemand\/wp-content\/uploads\/sites\/11\/2018\/10\/BO-1-300x109.png 300w, https:\/\/ent2d.ac-bordeaux.fr\/disciplines\/allemand\/wp-content\/uploads\/sites\/11\/2018\/10\/BO-1.png 370w\" sizes=\"auto, (max-width: 218px) 100vw, 218px\" \/><\/a><\/p>\n<h4 id=\"h2_cid_bo\"><\/h4>\n<h4 class=\"MF07-titre\"><span style=\"color: #ff0000\">Dipl\u00f4mes du baccalaur\u00e9at et de la Allgemeine Hochschulreife :DOUBLE DELIVRANCE :\u00a0<span style=\"color: #000000\">modification<\/span><\/span><\/h4>\n<p><a href=\"https:\/\/www.education.gouv.fr\/bo\/19\/Hebdo29\/MENE1916442A.htm\" target=\"_blank\" rel=\"noopener noreferrer\"><img loading=\"lazy\" decoding=\"async\" class=\"aligncenter wp-image-772\" src=\"https:\/\/ent2d.ac-bordeaux.fr\/disciplines\/allemand\/wp-content\/uploads\/sites\/11\/2018\/10\/BO-1-300x109.png\" alt=\"\" width=\"218\" height=\"79\" srcset=\"https:\/\/ent2d.ac-bordeaux.fr\/disciplines\/allemand\/wp-content\/uploads\/sites\/11\/2018\/10\/BO-1-300x109.png 300w, https:\/\/ent2d.ac-bordeaux.fr\/disciplines\/allemand\/wp-content\/uploads\/sites\/11\/2018\/10\/BO-1.png 370w\" sizes=\"auto, (max-width: 218px) 100vw, 218px\" \/><\/a><\/p>\n","protected":false},"excerpt":{"rendered":"<p>Certifications : ce que dit le BO : Dans l&rsquo;acad\u00e9mie de Bordeaux : Les \u00e9preuves \u00e9crites du DSD 1 auront lieu le mercredi 10 mars 2021 de 9h \u00e0 12h. &#8230;<\/p>\n","protected":false},"author":33,"featured_media":430,"parent":0,"menu_order":0,"comment_status":"closed","ping_status":"closed","template":"template-fullwidth.php","meta":{"footnotes":""},"class_list":["post-788","page","type-page","status-publish","has-post-thumbnail","hentry"],"_links":{"self":[{"href":"https:\/\/ent2d.ac-bordeaux.fr\/disciplines\/allemand\/wp-json\/wp\/v2\/pages\/788","targetHints":{"allow":["GET"]}}],"collection":[{"href":"https:\/\/ent2d.ac-bordeaux.fr\/disciplines\/allemand\/wp-json\/wp\/v2\/pages"}],"about":[{"href":"https:\/\/ent2d.ac-bordeaux.fr\/disciplines\/allemand\/wp-json\/wp\/v2\/types\/page"}],"author":[{"embeddable":true,"href":"https:\/\/ent2d.ac-bordeaux.fr\/disciplines\/allemand\/wp-json\/wp\/v2\/users\/33"}],"replies":[{"embeddable":true,"href":"https:\/\/ent2d.ac-bordeaux.fr\/disciplines\/allemand\/wp-json\/wp\/v2\/comments?post=788"}],"version-history":[{"count":14,"href":"https:\/\/ent2d.ac-bordeaux.fr\/disciplines\/allemand\/wp-json\/wp\/v2\/pages\/788\/revisions"}],"predecessor-version":[{"id":1475,"href":"https:\/\/ent2d.ac-bordeaux.fr\/disciplines\/allemand\/wp-json\/wp\/v2\/pages\/788\/revisions\/1475"}],"wp:featuredmedia":[{"embeddable":true,"href":"https:\/\/ent2d.ac-bordeaux.fr\/disciplines\/allemand\/wp-json\/wp\/v2\/media\/430"}],"wp:attachment":[{"href":"https:\/\/ent2d.ac-bordeaux.fr\/disciplines\/allemand\/wp-json\/wp\/v2\/media?parent=788"}],"curies":[{"name":"wp","href":"https:\/\/api.w.org\/{rel}","templated":true}]}}