{"id":2408,"date":"2026-01-01T22:35:52","date_gmt":"2026-01-01T21:35:52","guid":{"rendered":"https:\/\/ent2d.ac-bordeaux.fr\/disciplines\/alimentation\/?page_id=2408"},"modified":"2026-03-20T17:54:11","modified_gmt":"2026-03-20T16:54:11","slug":"les-formations-academique","status":"publish","type":"page","link":"https:\/\/ent2d.ac-bordeaux.fr\/disciplines\/alimentation\/les-formations-academique\/","title":{"rendered":"Se former dans l&rsquo;acad\u00e9mie"},"content":{"rendered":"\n<div class=\"wp-block-media-text is-stacked-on-mobile\"><figure class=\"wp-block-media-text__media\"><a href=\"https:\/\/view.genially.com\/69a06bd6e1e3ed31ffac9133\"><img loading=\"lazy\" decoding=\"async\" width=\"1024\" height=\"579\" src=\"https:\/\/ent2d.ac-bordeaux.fr\/disciplines\/alimentation\/wp-content\/uploads\/sites\/56\/2026\/03\/Capture-decran-formation-ALIM-J1.png\" alt=\"\" class=\"wp-image-2465 size-full\" srcset=\"https:\/\/ent2d.ac-bordeaux.fr\/disciplines\/alimentation\/wp-content\/uploads\/sites\/56\/2026\/03\/Capture-decran-formation-ALIM-J1.png 1024w, https:\/\/ent2d.ac-bordeaux.fr\/disciplines\/alimentation\/wp-content\/uploads\/sites\/56\/2026\/03\/Capture-decran-formation-ALIM-J1-300x170.png 300w, https:\/\/ent2d.ac-bordeaux.fr\/disciplines\/alimentation\/wp-content\/uploads\/sites\/56\/2026\/03\/Capture-decran-formation-ALIM-J1-768x434.png 768w\" sizes=\"auto, (max-width: 1024px) 100vw, 1024px\" \/><\/a><\/figure><div class=\"wp-block-media-text__content\">\n<p>Une premi\u00e8re journ\u00e9e de formation riche en \u00e9changes, r\u00e9unissant les trois disciplines de la fili\u00e8re alimentation.<br>Elle a permis d\u2019harmoniser les pratiques d\u2019\u00e9valuation et de construire une strat\u00e9gie d\u2019\u00e9quipe afin de mieux accompagner les \u00e9l\u00e8ves.<\/p>\n\n\n\n<hr class=\"wp-block-separator has-alpha-channel-opacity\" \/>\n<\/div><\/div>\n\n\n\n<hr class=\"wp-block-separator has-alpha-channel-opacity\" \/>\n\n\n\n<div class=\"wp-block-media-text is-stacked-on-mobile\"><figure class=\"wp-block-media-text__media\"><a href=\"https:\/\/nuage03.apps.education.fr\/index.php\/s\/7yeca2WsMTqPode\"><img loading=\"lazy\" decoding=\"async\" width=\"1024\" height=\"691\" src=\"https:\/\/ent2d.ac-bordeaux.fr\/disciplines\/alimentation\/wp-content\/uploads\/sites\/56\/2026\/03\/Capture-decran-Reunion-Renovation-20-mars26.png\" alt=\"\" class=\"wp-image-2468 size-full\" srcset=\"https:\/\/ent2d.ac-bordeaux.fr\/disciplines\/alimentation\/wp-content\/uploads\/sites\/56\/2026\/03\/Capture-decran-Reunion-Renovation-20-mars26.png 1024w, https:\/\/ent2d.ac-bordeaux.fr\/disciplines\/alimentation\/wp-content\/uploads\/sites\/56\/2026\/03\/Capture-decran-Reunion-Renovation-20-mars26-300x203.png 300w, https:\/\/ent2d.ac-bordeaux.fr\/disciplines\/alimentation\/wp-content\/uploads\/sites\/56\/2026\/03\/Capture-decran-Reunion-Renovation-20-mars26-768x518.png 768w\" sizes=\"auto, (max-width: 1024px) 100vw, 1024px\" \/><\/a><\/figure><div class=\"wp-block-media-text__content\">\n<p>Une r\u00e9union d\u20191h30 r\u00e9unissant tous les enseignants de la fili\u00e8re alimentation a permis de faire le point sur la r\u00e9novation des trois Bac Pro et d\u2019en partager les orientations.<\/p>\n\n\n\n<p>Merci \u00e0 tous pour la qualit\u00e9 des \u00e9changes !<br>\ud83d\udc49 L\u2019enregistrement de la visioconf\u00e9rence est accessible dans le diaporama de pr\u00e9sentation.<\/p>\n\n\n\n<hr class=\"wp-block-separator has-alpha-channel-opacity\" \/>\n<\/div><\/div>\n\n\n\n<hr class=\"wp-block-separator has-alpha-channel-opacity\" \/>\n\n\n\n<div class=\"wp-block-media-text is-stacked-on-mobile\"><figure class=\"wp-block-media-text__media\"><a href=\"https:\/\/view.genially.com\/69a06f258c8fef539cc7355b\"><img loading=\"lazy\" decoding=\"async\" width=\"1024\" height=\"585\" src=\"https:\/\/ent2d.ac-bordeaux.fr\/disciplines\/alimentation\/wp-content\/uploads\/sites\/56\/2026\/03\/Capture-decran-formation-J2-contactuels_preparation-concours-CAPLP-2026.png\" alt=\"\" class=\"wp-image-2474 size-full\" srcset=\"https:\/\/ent2d.ac-bordeaux.fr\/disciplines\/alimentation\/wp-content\/uploads\/sites\/56\/2026\/03\/Capture-decran-formation-J2-contactuels_preparation-concours-CAPLP-2026.png 1024w, https:\/\/ent2d.ac-bordeaux.fr\/disciplines\/alimentation\/wp-content\/uploads\/sites\/56\/2026\/03\/Capture-decran-formation-J2-contactuels_preparation-concours-CAPLP-2026-300x171.png 300w, https:\/\/ent2d.ac-bordeaux.fr\/disciplines\/alimentation\/wp-content\/uploads\/sites\/56\/2026\/03\/Capture-decran-formation-J2-contactuels_preparation-concours-CAPLP-2026-768x439.png 768w\" sizes=\"auto, (max-width: 1024px) 100vw, 1024px\" \/><\/a><\/figure><div class=\"wp-block-media-text__content\">\n<p>Dans le cadre de la volont\u00e9 de l\u2019acad\u00e9mie de Bordeaux de p\u00e9renniser les enseignants contractuels, les coll\u00e8gues souhaitant pr\u00e9parer le concours externe du CAPLP Boulangerie-P\u00e2tisserie session 2026, ont pu b\u00e9n\u00e9ficier, cette ann\u00e9e, d\u2019une journ\u00e9e de formation en pr\u00e9sentiel.<\/p>\n\n\n\n<p>Cette formation faisait suite \u00e0 une r\u00e9union en visioconf\u00e9rence consacr\u00e9e aux modalit\u00e9s du concours.<\/p>\n\n\n\n<p>Nous leur adressons tous nos encouragements et leur souhaitons pleine r\u00e9ussite.<\/p>\n\n\n\n<hr class=\"wp-block-separator has-alpha-channel-opacity\" \/>\n<\/div><\/div>\n\n\n\n<p><\/p>\n","protected":false},"excerpt":{"rendered":"","protected":false},"author":957,"featured_media":0,"parent":0,"menu_order":0,"comment_status":"closed","ping_status":"closed","template":"","meta":{"footnotes":""},"class_list":["post-2408","page","type-page","status-publish","hentry"],"_links":{"self":[{"href":"https:\/\/ent2d.ac-bordeaux.fr\/disciplines\/alimentation\/wp-json\/wp\/v2\/pages\/2408","targetHints":{"allow":["GET"]}}],"collection":[{"href":"https:\/\/ent2d.ac-bordeaux.fr\/disciplines\/alimentation\/wp-json\/wp\/v2\/pages"}],"about":[{"href":"https:\/\/ent2d.ac-bordeaux.fr\/disciplines\/alimentation\/wp-json\/wp\/v2\/types\/page"}],"author":[{"embeddable":true,"href":"https:\/\/ent2d.ac-bordeaux.fr\/disciplines\/alimentation\/wp-json\/wp\/v2\/users\/957"}],"replies":[{"embeddable":true,"href":"https:\/\/ent2d.ac-bordeaux.fr\/disciplines\/alimentation\/wp-json\/wp\/v2\/comments?post=2408"}],"version-history":[{"count":8,"href":"https:\/\/ent2d.ac-bordeaux.fr\/disciplines\/alimentation\/wp-json\/wp\/v2\/pages\/2408\/revisions"}],"predecessor-version":[{"id":2476,"href":"https:\/\/ent2d.ac-bordeaux.fr\/disciplines\/alimentation\/wp-json\/wp\/v2\/pages\/2408\/revisions\/2476"}],"wp:attachment":[{"href":"https:\/\/ent2d.ac-bordeaux.fr\/disciplines\/alimentation\/wp-json\/wp\/v2\/media?parent=2408"}],"curies":[{"name":"wp","href":"https:\/\/api.w.org\/{rel}","templated":true}]}}