{"id":2331,"date":"2026-01-01T19:57:33","date_gmt":"2026-01-01T18:57:33","guid":{"rendered":"https:\/\/ent2d.ac-bordeaux.fr\/disciplines\/alimentation\/?page_id=2331"},"modified":"2026-01-08T12:23:19","modified_gmt":"2026-01-08T11:23:19","slug":"sengager-dans-son-developpement-pro","status":"publish","type":"page","link":"https:\/\/ent2d.ac-bordeaux.fr\/disciplines\/alimentation\/sengager-dans-son-developpement-pro\/","title":{"rendered":"Se professionnaliser"},"content":{"rendered":"\n<p class=\"has-medium-font-size\">Cet espace accompagne les enseignants et formateurs dans leur d\u00e9veloppement professionnel, en favorisant l\u2019actualisation des connaissances, la r\u00e9flexion sur les pratiques et l\u2019engagement dans des d\u00e9marches de formation et d\u2019innovation p\u00e9dagogique.<\/p>\n\n\n\n<p class=\"has-medium-font-size\"><strong>REFERENTIEL DES ENSEIGNANTS<\/strong><\/p>\n\n\n\n<figure class=\"wp-block-image size-full is-resized\"><a href=\"\/Users\/dmirt\/Downloads\/Fiche%20n%C2%B014%20-%20Outil%20d'accompagnement%20Descripteurs%20des%20degr%C3%A9s%20d'acquisition%20des%20comp%C3%A9tences%20%C3%A0%20l'entr%C3%A9e%20dans%20le%20m%C3%A9tier-1.pdf\"><img loading=\"lazy\" decoding=\"async\" width=\"868\" height=\"591\" src=\"https:\/\/ent2d.ac-bordeaux.fr\/disciplines\/alimentation\/wp-content\/uploads\/sites\/56\/2026\/01\/IMAGE-referentiel-PROFS.jpg\" alt=\"\" class=\"wp-image-2447\" style=\"width:763px;height:auto\" srcset=\"https:\/\/ent2d.ac-bordeaux.fr\/disciplines\/alimentation\/wp-content\/uploads\/sites\/56\/2026\/01\/IMAGE-referentiel-PROFS.jpg 868w, https:\/\/ent2d.ac-bordeaux.fr\/disciplines\/alimentation\/wp-content\/uploads\/sites\/56\/2026\/01\/IMAGE-referentiel-PROFS-300x204.jpg 300w, https:\/\/ent2d.ac-bordeaux.fr\/disciplines\/alimentation\/wp-content\/uploads\/sites\/56\/2026\/01\/IMAGE-referentiel-PROFS-768x523.jpg 768w, https:\/\/ent2d.ac-bordeaux.fr\/disciplines\/alimentation\/wp-content\/uploads\/sites\/56\/2026\/01\/IMAGE-referentiel-PROFS-130x90.jpg 130w\" sizes=\"auto, (max-width: 868px) 100vw, 868px\" \/><\/a><\/figure>\n\n\n\n<hr class=\"wp-block-separator has-alpha-channel-opacity is-style-wide\" \/>\n\n\n\n<p class=\"has-medium-font-size\"><strong>CONCEPTS ET APPORTS DE LA RECHERCHE<\/strong><\/p>\n\n\n\n<figure class=\"wp-block-image size-large is-resized\"><img decoding=\"async\" src=\"https:\/\/i0.wp.com\/clairelommeblog.fr\/wp-content\/uploads\/2024\/10\/version-en-fran-ais-de-2011-17369.png?resize=768%2C593&amp;ssl=1\" alt=\"\" style=\"width:971px;height:auto\" \/><\/figure>\n\n\n\n<hr class=\"wp-block-separator has-alpha-channel-opacity is-style-wide\" \/>\n\n\n\n<p class=\"has-medium-font-size\"><strong>OUTILS NUMERIQUES AU SERVICE DES APPRENTISSAGES<\/strong><\/p>\n\n\n\n<p class=\"has-small-font-size\"><em>Ce panorama des ressources est une production acad\u00e9mique de l\u2019Acad\u00e9mie de Provence-Alpes-C\u00f4te d\u2019Azur.<\/em><\/p>\n\n\n\n<p class=\"has-small-font-size\"><em>\ud83d\udc49 Il est propos\u00e9 ici \u00e0 titre de ressource compl\u00e9mentaire, dans une logique de partage interacad\u00e9mique et de valorisation des productions.<\/em><\/p>\n\n\n\n<figure class=\"wp-block-image size-full\"><a href=\"https:\/\/www.pedagogie.ac-aix-marseille.fr\/upload\/docs\/application\/pdf\/2024-11\/panorama_pdf_-_impression.pdf\"><img loading=\"lazy\" decoding=\"async\" width=\"1024\" height=\"714\" src=\"https:\/\/ent2d.ac-bordeaux.fr\/disciplines\/alimentation\/wp-content\/uploads\/sites\/56\/2026\/01\/IMAGE-outils-numerique-ac-Provence-cote-azur.jpg\" alt=\"\" class=\"wp-image-2365\" srcset=\"https:\/\/ent2d.ac-bordeaux.fr\/disciplines\/alimentation\/wp-content\/uploads\/sites\/56\/2026\/01\/IMAGE-outils-numerique-ac-Provence-cote-azur.jpg 1024w, https:\/\/ent2d.ac-bordeaux.fr\/disciplines\/alimentation\/wp-content\/uploads\/sites\/56\/2026\/01\/IMAGE-outils-numerique-ac-Provence-cote-azur-300x209.jpg 300w, https:\/\/ent2d.ac-bordeaux.fr\/disciplines\/alimentation\/wp-content\/uploads\/sites\/56\/2026\/01\/IMAGE-outils-numerique-ac-Provence-cote-azur-768x536.jpg 768w, https:\/\/ent2d.ac-bordeaux.fr\/disciplines\/alimentation\/wp-content\/uploads\/sites\/56\/2026\/01\/IMAGE-outils-numerique-ac-Provence-cote-azur-392x272.jpg 392w, https:\/\/ent2d.ac-bordeaux.fr\/disciplines\/alimentation\/wp-content\/uploads\/sites\/56\/2026\/01\/IMAGE-outils-numerique-ac-Provence-cote-azur-130x90.jpg 130w\" sizes=\"auto, (max-width: 1024px) 100vw, 1024px\" \/><\/a><\/figure>\n\n\n\n<hr class=\"wp-block-separator has-alpha-channel-opacity is-style-wide\" \/>\n\n\n\n<figure class=\"wp-block-image size-full is-resized\"><a href=\"https:\/\/www.education.gouv.fr\/cadre-d-usage-de-l-ia-en-education-450647\"><img loading=\"lazy\" decoding=\"async\" width=\"900\" height=\"654\" src=\"https:\/\/ent2d.ac-bordeaux.fr\/disciplines\/alimentation\/wp-content\/uploads\/sites\/56\/2026\/01\/image-CADRE-DE-lIA.jpg\" alt=\"\" class=\"wp-image-2461\" style=\"width:1140px;height:auto\" srcset=\"https:\/\/ent2d.ac-bordeaux.fr\/disciplines\/alimentation\/wp-content\/uploads\/sites\/56\/2026\/01\/image-CADRE-DE-lIA.jpg 900w, https:\/\/ent2d.ac-bordeaux.fr\/disciplines\/alimentation\/wp-content\/uploads\/sites\/56\/2026\/01\/image-CADRE-DE-lIA-300x218.jpg 300w, https:\/\/ent2d.ac-bordeaux.fr\/disciplines\/alimentation\/wp-content\/uploads\/sites\/56\/2026\/01\/image-CADRE-DE-lIA-768x558.jpg 768w\" sizes=\"auto, (max-width: 900px) 100vw, 900px\" \/><\/a><\/figure>\n\n\n\n<hr class=\"wp-block-separator has-alpha-channel-opacity\" \/>\n\n\n\n<p class=\"has-medium-font-size\"><strong>RESTER INFORMER_LES RAPPORTS DE L&rsquo;IGESR<\/strong><\/p>\n\n\n\n<div class=\"wp-block-columns is-layout-flex wp-container-core-columns-is-layout-28f84493 wp-block-columns-is-layout-flex\">\n<div class=\"wp-block-column is-layout-flow wp-block-column-is-layout-flow\">\n<figure class=\"wp-block-image size-full\"><a href=\"\/Users\/dmirt\/Downloads\/igesr-rapport-23-24-101a-competences-psychosociales-lycee-professionnel-pdf-195949-2.pdf\"><img loading=\"lazy\" decoding=\"async\" width=\"594\" height=\"841\" src=\"https:\/\/ent2d.ac-bordeaux.fr\/disciplines\/alimentation\/wp-content\/uploads\/sites\/56\/2026\/01\/Image-Rapport-IGESR_CSP.png\" alt=\"\" class=\"wp-image-2361\" srcset=\"https:\/\/ent2d.ac-bordeaux.fr\/disciplines\/alimentation\/wp-content\/uploads\/sites\/56\/2026\/01\/Image-Rapport-IGESR_CSP.png 594w, https:\/\/ent2d.ac-bordeaux.fr\/disciplines\/alimentation\/wp-content\/uploads\/sites\/56\/2026\/01\/Image-Rapport-IGESR_CSP-212x300.png 212w\" sizes=\"auto, (max-width: 594px) 100vw, 594px\" \/><\/a><\/figure>\n<\/div>\n\n\n\n<div class=\"wp-block-column is-layout-flow wp-block-column-is-layout-flow\">\n<figure class=\"wp-block-image size-full\"><a href=\"\/Users\/dmirt\/Downloads\/igesr-rapport-24-25-014c-role-place-cap-role-social-dipl-me-insertion-pdf-229935.pdf\"><img loading=\"lazy\" decoding=\"async\" width=\"599\" height=\"837\" src=\"https:\/\/ent2d.ac-bordeaux.fr\/disciplines\/alimentation\/wp-content\/uploads\/sites\/56\/2026\/01\/Image-Rapport-IGESR_role-et-place-du-CAP.png\" alt=\"\" class=\"wp-image-2363\" srcset=\"https:\/\/ent2d.ac-bordeaux.fr\/disciplines\/alimentation\/wp-content\/uploads\/sites\/56\/2026\/01\/Image-Rapport-IGESR_role-et-place-du-CAP.png 599w, https:\/\/ent2d.ac-bordeaux.fr\/disciplines\/alimentation\/wp-content\/uploads\/sites\/56\/2026\/01\/Image-Rapport-IGESR_role-et-place-du-CAP-215x300.png 215w\" sizes=\"auto, (max-width: 599px) 100vw, 599px\" \/><\/a><\/figure>\n<\/div>\n\n\n\n<div class=\"wp-block-column is-layout-flow wp-block-column-is-layout-flow\">\n<figure class=\"wp-block-image size-full\"><a href=\"\/Users\/dmirt\/Downloads\/igesr-rapport-24-25-028b-mise-en--uvre-bureau-entreprises-lyc-e-professionnel-pdf-227801.pdf\"><img loading=\"lazy\" decoding=\"async\" width=\"523\" height=\"744\" src=\"https:\/\/ent2d.ac-bordeaux.fr\/disciplines\/alimentation\/wp-content\/uploads\/sites\/56\/2026\/01\/Rapport-IGESR-Mise-en-oeuvre-RBDE.png\" alt=\"\" class=\"wp-image-2364\" srcset=\"https:\/\/ent2d.ac-bordeaux.fr\/disciplines\/alimentation\/wp-content\/uploads\/sites\/56\/2026\/01\/Rapport-IGESR-Mise-en-oeuvre-RBDE.png 523w, https:\/\/ent2d.ac-bordeaux.fr\/disciplines\/alimentation\/wp-content\/uploads\/sites\/56\/2026\/01\/Rapport-IGESR-Mise-en-oeuvre-RBDE-211x300.png 211w\" sizes=\"auto, (max-width: 523px) 100vw, 523px\" \/><\/a><\/figure>\n<\/div>\n<\/div>\n\n\n\n<div class=\"wp-block-columns is-layout-flex wp-container-core-columns-is-layout-28f84493 wp-block-columns-is-layout-flex\">\n<div class=\"wp-block-column is-layout-flow wp-block-column-is-layout-flow\"><\/div>\n\n\n\n<div class=\"wp-block-column is-layout-flow wp-block-column-is-layout-flow\"><\/div>\n\n\n\n<div class=\"wp-block-column is-layout-flow wp-block-column-is-layout-flow\"><\/div>\n<\/div>\n","protected":false},"excerpt":{"rendered":"<p>Cet espace accompagne les enseignants et formateurs dans leur d\u00e9veloppement professionnel, en favorisant l\u2019actualisation des connaissances, la r\u00e9flexion sur les<\/p>\n","protected":false},"author":957,"featured_media":0,"parent":0,"menu_order":0,"comment_status":"closed","ping_status":"closed","template":"","meta":{"footnotes":""},"class_list":["post-2331","page","type-page","status-publish","hentry"],"_links":{"self":[{"href":"https:\/\/ent2d.ac-bordeaux.fr\/disciplines\/alimentation\/wp-json\/wp\/v2\/pages\/2331","targetHints":{"allow":["GET"]}}],"collection":[{"href":"https:\/\/ent2d.ac-bordeaux.fr\/disciplines\/alimentation\/wp-json\/wp\/v2\/pages"}],"about":[{"href":"https:\/\/ent2d.ac-bordeaux.fr\/disciplines\/alimentation\/wp-json\/wp\/v2\/types\/page"}],"author":[{"embeddable":true,"href":"https:\/\/ent2d.ac-bordeaux.fr\/disciplines\/alimentation\/wp-json\/wp\/v2\/users\/957"}],"replies":[{"embeddable":true,"href":"https:\/\/ent2d.ac-bordeaux.fr\/disciplines\/alimentation\/wp-json\/wp\/v2\/comments?post=2331"}],"version-history":[{"count":10,"href":"https:\/\/ent2d.ac-bordeaux.fr\/disciplines\/alimentation\/wp-json\/wp\/v2\/pages\/2331\/revisions"}],"predecessor-version":[{"id":2462,"href":"https:\/\/ent2d.ac-bordeaux.fr\/disciplines\/alimentation\/wp-json\/wp\/v2\/pages\/2331\/revisions\/2462"}],"wp:attachment":[{"href":"https:\/\/ent2d.ac-bordeaux.fr\/disciplines\/alimentation\/wp-json\/wp\/v2\/media?parent=2331"}],"curies":[{"name":"wp","href":"https:\/\/api.w.org\/{rel}","templated":true}]}}