{"id":2319,"date":"2026-01-01T17:31:13","date_gmt":"2026-01-01T16:31:13","guid":{"rendered":"https:\/\/ent2d.ac-bordeaux.fr\/disciplines\/alimentation\/?page_id=2319"},"modified":"2026-01-01T22:28:50","modified_gmt":"2026-01-01T21:28:50","slug":"informations-candidats","status":"publish","type":"page","link":"https:\/\/ent2d.ac-bordeaux.fr\/disciplines\/alimentation\/informations-candidats\/","title":{"rendered":"Informations-Candidats"},"content":{"rendered":"\n<p class=\"has-medium-font-size\"><strong>Message de l\u2019Inspecteur \u00e0 destination des candidats \u2013 Fili\u00e8re alimentation<\/strong><\/p>\n\n\n\n<pre class=\"wp-block-preformatted has-medium-font-size\">\"Madame, Monsieur,chers candidats,<br><br>Vous \u00eates engag\u00e9s dans une d\u00e9marche de certification au sein de la fili\u00e8re alimentation, en tant qu\u2019\u00e9l\u00e8ve, apprenti, candidat individuel ou candidat libre. Cette \u00e9tape constitue un moment important de votre parcours de formation et de professionnalisation.<br><br>La r\u00e9ussite aux examens repose sur un travail r\u00e9gulier, une pr\u00e9paration rigoureuse et une bonne connaissance des attendus des r\u00e9f\u00e9rentiels. Les enseignements suivis, concourent tous \u00e0 la construction de vos comp\u00e9tences et \u00e0 votre future insertion professionnelle.<br><br>Pour les \u00e9l\u00e8ves et les apprentis, l\u2019investissement dans les temps de formation, en \u00e9tablissement, en centre de formation ou en entreprise, est un levier essentiel de r\u00e9ussite. <br>Pour les candidats individuels ou libres, une attention particuli\u00e8re doit \u00eatre port\u00e9e aux modalit\u00e9s d\u2019inscription, aux calendriers et aux consignes r\u00e9glementaires, qui rel\u00e8vent de votre responsabilit\u00e9 de candidat.<br><br>Le jour des \u00e9preuves, je vous invite \u00e0 adopter une attitude professionnelle, respectueuse et engag\u00e9e \u00e0 l\u2019\u00e9gard du centre d'examen qui vous accueille &amp; des membres de jury . Ces derniers, compos\u00e9s de professionnels et d\u2019enseignants, sont mobilis\u00e9s pour \u00e9valuer votre travail avec exigence, \u00e9quit\u00e9 et bienveillance.<br><br>Quelle que soit votre situation, chaque parcours est singulier et m\u00e9rite reconnaissance. Je vous encourage \u00e0 aborder cette \u00e9ch\u00e9ance avec confiance et d\u00e9termination, \u00e0 valoriser vos comp\u00e9tences, votre motivation et votre engagement.<br><br>Je vous souhaite pleine r\u00e9ussite dans vos \u00e9preuves et dans la poursuite de votre parcours au sein des m\u00e9tiers de l\u2019alimentation.<br><br>Je vous prie d\u2019agr\u00e9er, Madame, Monsieur, l\u2019expression de mes salutations distingu\u00e9es.\"<br><br>Jocelyn Grivaud<br>Inspecteur de l'Education Nationale<\/pre>\n","protected":false},"excerpt":{"rendered":"<p>Message de l\u2019Inspecteur \u00e0 destination des candidats \u2013 Fili\u00e8re alimentation \u00ab\u00a0Madame, Monsieur,chers candidats,Vous \u00eates engag\u00e9s dans une d\u00e9marche de certification<\/p>\n","protected":false},"author":957,"featured_media":0,"parent":0,"menu_order":0,"comment_status":"closed","ping_status":"closed","template":"","meta":{"footnotes":""},"class_list":["post-2319","page","type-page","status-publish","hentry"],"_links":{"self":[{"href":"https:\/\/ent2d.ac-bordeaux.fr\/disciplines\/alimentation\/wp-json\/wp\/v2\/pages\/2319","targetHints":{"allow":["GET"]}}],"collection":[{"href":"https:\/\/ent2d.ac-bordeaux.fr\/disciplines\/alimentation\/wp-json\/wp\/v2\/pages"}],"about":[{"href":"https:\/\/ent2d.ac-bordeaux.fr\/disciplines\/alimentation\/wp-json\/wp\/v2\/types\/page"}],"author":[{"embeddable":true,"href":"https:\/\/ent2d.ac-bordeaux.fr\/disciplines\/alimentation\/wp-json\/wp\/v2\/users\/957"}],"replies":[{"embeddable":true,"href":"https:\/\/ent2d.ac-bordeaux.fr\/disciplines\/alimentation\/wp-json\/wp\/v2\/comments?post=2319"}],"version-history":[{"count":2,"href":"https:\/\/ent2d.ac-bordeaux.fr\/disciplines\/alimentation\/wp-json\/wp\/v2\/pages\/2319\/revisions"}],"predecessor-version":[{"id":2397,"href":"https:\/\/ent2d.ac-bordeaux.fr\/disciplines\/alimentation\/wp-json\/wp\/v2\/pages\/2319\/revisions\/2397"}],"wp:attachment":[{"href":"https:\/\/ent2d.ac-bordeaux.fr\/disciplines\/alimentation\/wp-json\/wp\/v2\/media?parent=2319"}],"curies":[{"name":"wp","href":"https:\/\/api.w.org\/{rel}","templated":true}]}}