{"id":690,"date":"2025-10-06T09:48:43","date_gmt":"2025-10-06T07:48:43","guid":{"rendered":"https:\/\/ent2d.ac-bordeaux.fr\/disciplines\/3pm\/?page_id=690"},"modified":"2025-10-06T09:53:22","modified_gmt":"2025-10-06T07:53:22","slug":"plateforme-avenirs-de-lonisep","status":"publish","type":"page","link":"https:\/\/ent2d.ac-bordeaux.fr\/disciplines\/3pm\/je-moriente-2\/plateforme-avenirs-de-lonisep\/","title":{"rendered":"Plateforme Avenir(s) de l\u2019Onisep"},"content":{"rendered":"\n<p>La <a href=\"https:\/\/www.onisep.fr\/avenir-s\">plateforme Avenir(s) de l\u2019Onisep<\/a> est un outil num\u00e9rique gratuit d\u00e9di\u00e9 \u00e0 l&rsquo;accompagnement \u00e0 l\u2019orientation, destin\u00e9 aux \u00e9l\u00e8ves du coll\u00e8ge jusqu\u2019\u00e0 la terminale, ainsi qu\u2019aux \u00e9quipes \u00e9ducatives et aux familles. Lanc\u00e9e dans le cadre du plan France 2030, elle propose plus de 700 ressources p\u00e9dagogiques personnalisables, des modules interactifs, des guides pratiques et un portfolio \u00e9volutif de comp\u00e9tences pour aider chacun \u00e0 construire progressivement son projet d&rsquo;orientation et son parcours vers la vie professionnelle.<a href=\"https:\/\/www.onisep.fr\/avenir-s\/qu-est-ce-que-le-programme-avenir-s\" target=\"_blank\" rel=\"noreferrer noopener\"><\/a><\/p>\n\n\n\n<p>Accessible en ligne, la plateforme vise \u00e0 garantir l\u2019\u00e9galit\u00e9 des chances, \u00e0 d\u00e9velopper la capacit\u00e9 des \u00e9l\u00e8ves \u00e0 s\u2019orienter et \u00e0 s\u2019informer sur les m\u00e9tiers et les formations, tout en facilitant le travail des \u00e9quipes p\u00e9dagogiques avec des outils adapt\u00e9s au suivi individuel et collectif.<\/p>\n","protected":false},"excerpt":{"rendered":"<p>La plateforme Avenir(s) de l\u2019Onisep est un outil num\u00e9rique gratuit d\u00e9di\u00e9 \u00e0 l&rsquo;accompagnement \u00e0 l\u2019orientation, destin\u00e9 aux \u00e9l\u00e8ves du coll\u00e8ge jusqu\u2019\u00e0 la terminale, ainsi qu\u2019aux \u00e9quipes \u00e9ducatives et aux familles. Lanc\u00e9e dans le cadre du plan France 2030, elle propose plus de 700 ressources p\u00e9dagogiques personnalisables, des modules interactifs, des guides pratiques et un portfolio &hellip; <\/p>\n<p><a class=\"more-link btn\" href=\"https:\/\/ent2d.ac-bordeaux.fr\/disciplines\/3pm\/je-moriente-2\/plateforme-avenirs-de-lonisep\/\">Lire la suite<\/a><\/p>\n","protected":false},"author":95,"featured_media":0,"parent":526,"menu_order":0,"comment_status":"closed","ping_status":"closed","template":"","meta":{"footnotes":""},"class_list":["post-690","page","type-page","status-publish","hentry","nodate","item-wrap"],"_links":{"self":[{"href":"https:\/\/ent2d.ac-bordeaux.fr\/disciplines\/3pm\/wp-json\/wp\/v2\/pages\/690","targetHints":{"allow":["GET"]}}],"collection":[{"href":"https:\/\/ent2d.ac-bordeaux.fr\/disciplines\/3pm\/wp-json\/wp\/v2\/pages"}],"about":[{"href":"https:\/\/ent2d.ac-bordeaux.fr\/disciplines\/3pm\/wp-json\/wp\/v2\/types\/page"}],"author":[{"embeddable":true,"href":"https:\/\/ent2d.ac-bordeaux.fr\/disciplines\/3pm\/wp-json\/wp\/v2\/users\/95"}],"replies":[{"embeddable":true,"href":"https:\/\/ent2d.ac-bordeaux.fr\/disciplines\/3pm\/wp-json\/wp\/v2\/comments?post=690"}],"version-history":[{"count":1,"href":"https:\/\/ent2d.ac-bordeaux.fr\/disciplines\/3pm\/wp-json\/wp\/v2\/pages\/690\/revisions"}],"predecessor-version":[{"id":691,"href":"https:\/\/ent2d.ac-bordeaux.fr\/disciplines\/3pm\/wp-json\/wp\/v2\/pages\/690\/revisions\/691"}],"up":[{"embeddable":true,"href":"https:\/\/ent2d.ac-bordeaux.fr\/disciplines\/3pm\/wp-json\/wp\/v2\/pages\/526"}],"wp:attachment":[{"href":"https:\/\/ent2d.ac-bordeaux.fr\/disciplines\/3pm\/wp-json\/wp\/v2\/media?parent=690"}],"curies":[{"name":"wp","href":"https:\/\/api.w.org\/{rel}","templated":true}]}}