{"id":608,"date":"2023-10-09T16:06:24","date_gmt":"2023-10-09T14:06:24","guid":{"rendered":"https:\/\/ent2d.ac-bordeaux.fr\/disciplines\/3pm\/?page_id=608"},"modified":"2025-09-23T19:52:05","modified_gmt":"2025-09-23T17:52:05","slug":"la-seconde-bac-pro-familles-des-metiers","status":"publish","type":"page","link":"https:\/\/ent2d.ac-bordeaux.fr\/disciplines\/3pm\/je-moriente-2\/la-seconde-bac-pro-familles-des-metiers\/","title":{"rendered":"La seconde BAC PRO famille des m\u00e9tiers"},"content":{"rendered":"\n<p>La 2\u1d48\u1d49 pro est organis\u00e9e par familles de m\u00e9tiers dans la plupart des domaines, chacune d\u2019entre elles regroupe plusieurs sp\u00e9cialit\u00e9s du bac pro. L&rsquo;objectif est de donner le temps et les connaissances n\u00e9cessaires aux \u00e9l\u00e8ves pour choisir un m\u00e9tier.<\/p>\n\n\n\n<p>Une trentaine de <a title=\"Vers un bac pro : les sp\u00e9cialit\u00e9s hors familles de m\u00e9tiers\" href=\"https:\/\/www.onisep.fr\/formation\/apres-la-3-la-voie-professionnelle\/les-diplomes-de-la-voie-pro\/le-bac-professionnel\/les-familles-de-metiers#specialites\">sp\u00e9cialit\u00e9s<\/a> restent trop sp\u00e9cifiques pour rentrer dans une famille (par exemple la maintenance nautique ou l&rsquo;optique lunetterie).<\/p>\n\n\n\n<p>Cliquer sur la banni\u00e8re ci-dessous<\/p>\n\n\n\n<figure class=\"wp-block-image size-full\"><a href=\"https:\/\/www.onisep.fr\/formation\/apres-la-3-la-voie-professionnelle\/les-diplomes-de-la-voie-pro\/le-bac-professionnel\/les-familles-de-metiers\"><img loading=\"lazy\" decoding=\"async\" width=\"229\" height=\"59\" src=\"https:\/\/ent2d.ac-bordeaux.fr\/disciplines\/3pm\/wp-content\/uploads\/sites\/74\/2023\/10\/image-1.png\" alt=\"\" class=\"wp-image-609\" \/><\/a><\/figure>\n\n\n\n<h2 class=\"wp-block-heading\">Les familles de m\u00e9tiers en place<\/h2>\n\n\n\n<p>Les familles de m\u00e9tiers se sont install\u00e9es par vagues successives.<strong> <\/strong><\/p>\n\n\n\n<p><strong>M\u00e9tiers de l\u2019a\u00e9ronautique M\u00e9tiers de l\u2019agencement, de la menuiserie et de l\u2019ameublement <\/strong><\/p>\n\n\n\n<p><strong>M\u00e9tiers de l\u2019alimentation <\/strong><\/p>\n\n\n\n<p><strong>M\u00e9tiers de l\u2019h\u00f4tellerie et restauration <\/strong><\/p>\n\n\n\n<p><strong>M\u00e9tiers de la beaut\u00e9 et du bien-\u00eatre <\/strong><\/p>\n\n\n\n<p><strong>M\u00e9tiers de la construction durable, du b\u00e2timent et des travaux publics<\/strong><\/p>\n\n\n\n<p><strong> M\u00e9tiers de la gestion administrative, du transport et de la logistique <\/strong><\/p>\n\n\n\n<p><strong>M\u00e9tiers de la maintenance des mat\u00e9riels et des v\u00e9hicules M\u00e9tiers de la mer <\/strong><\/p>\n\n\n\n<p><strong>M\u00e9tiers de la r\u00e9alisation d&rsquo;ensembles m\u00e9caniques et industriels <\/strong><\/p>\n\n\n\n<p><strong>M\u00e9tiers de la relation client <\/strong><\/p>\n\n\n\n<p><strong>M\u00e9tiers des \u00e9tudes et de la mod\u00e9lisation num\u00e9rique du b\u00e2timent <\/strong><\/p>\n\n\n\n<p><strong>M\u00e9tiers des industries graphiques et de la communication <\/strong><\/p>\n\n\n\n<p><strong>M\u00e9tiers des transitions num\u00e9rique et \u00e9nerg\u00e9tique <\/strong><\/p>\n\n\n\n<p><strong>M\u00e9tiers du pilotage et de la maintenance d\u2019installations automatis\u00e9es<\/strong><\/p>\n\n\n\n<h2 class=\"wp-block-heading\" id=\"specialites\">Les sp\u00e9cialit\u00e9s hors familles de m\u00e9tiers<\/h2>\n\n\n\n<p><strong>Liste des sp\u00e9cialit\u00e9s hors familles de m\u00e9tiers<\/strong><\/p>\n\n\n\n<h2 class=\"wp-block-heading\">Les familles de m\u00e9tiers dans l&rsquo;enseignement agricole<\/h2>\n\n\n\n<p><strong>M\u00e9tiers de l&rsquo;alimentation-bio-industrie-laboratoire <\/strong><\/p>\n\n\n\n<p><strong>M\u00e9tiers de la nature &#8211; jardin &#8211; paysage &#8211; for\u00eat M\u00e9tiers des productions <\/strong><\/p>\n\n\n\n<p><strong>M\u00e9tiers du conseil vente<\/strong><\/p>\n\n\n\n<h2 class=\"wp-block-heading\">Les sp\u00e9cialit\u00e9s hors familles de m\u00e9tiers de l&rsquo;enseignement agricole<\/h2>\n\n\n\n<p><strong>Liste des sp\u00e9cialit\u00e9s hors familles de m\u00e9tiers<\/strong><\/p>\n","protected":false},"excerpt":{"rendered":"<p>La 2\u1d48\u1d49 pro est organis\u00e9e par familles de m\u00e9tiers dans la plupart des domaines, chacune d\u2019entre elles regroupe plusieurs sp\u00e9cialit\u00e9s du bac pro. L&rsquo;objectif est de donner le temps et les connaissances n\u00e9cessaires aux \u00e9l\u00e8ves pour choisir un m\u00e9tier. Une trentaine de sp\u00e9cialit\u00e9s restent trop sp\u00e9cifiques pour rentrer dans une famille (par exemple la maintenance &hellip; <\/p>\n<p><a class=\"more-link btn\" href=\"https:\/\/ent2d.ac-bordeaux.fr\/disciplines\/3pm\/je-moriente-2\/la-seconde-bac-pro-familles-des-metiers\/\">Lire la suite<\/a><\/p>\n","protected":false},"author":95,"featured_media":0,"parent":526,"menu_order":0,"comment_status":"closed","ping_status":"closed","template":"","meta":{"footnotes":""},"class_list":["post-608","page","type-page","status-publish","hentry","nodate","item-wrap"],"_links":{"self":[{"href":"https:\/\/ent2d.ac-bordeaux.fr\/disciplines\/3pm\/wp-json\/wp\/v2\/pages\/608","targetHints":{"allow":["GET"]}}],"collection":[{"href":"https:\/\/ent2d.ac-bordeaux.fr\/disciplines\/3pm\/wp-json\/wp\/v2\/pages"}],"about":[{"href":"https:\/\/ent2d.ac-bordeaux.fr\/disciplines\/3pm\/wp-json\/wp\/v2\/types\/page"}],"author":[{"embeddable":true,"href":"https:\/\/ent2d.ac-bordeaux.fr\/disciplines\/3pm\/wp-json\/wp\/v2\/users\/95"}],"replies":[{"embeddable":true,"href":"https:\/\/ent2d.ac-bordeaux.fr\/disciplines\/3pm\/wp-json\/wp\/v2\/comments?post=608"}],"version-history":[{"count":2,"href":"https:\/\/ent2d.ac-bordeaux.fr\/disciplines\/3pm\/wp-json\/wp\/v2\/pages\/608\/revisions"}],"predecessor-version":[{"id":612,"href":"https:\/\/ent2d.ac-bordeaux.fr\/disciplines\/3pm\/wp-json\/wp\/v2\/pages\/608\/revisions\/612"}],"up":[{"embeddable":true,"href":"https:\/\/ent2d.ac-bordeaux.fr\/disciplines\/3pm\/wp-json\/wp\/v2\/pages\/526"}],"wp:attachment":[{"href":"https:\/\/ent2d.ac-bordeaux.fr\/disciplines\/3pm\/wp-json\/wp\/v2\/media?parent=608"}],"curies":[{"name":"wp","href":"https:\/\/api.w.org\/{rel}","templated":true}]}}