{"id":574,"date":"2023-03-13T12:50:55","date_gmt":"2023-03-13T11:50:55","guid":{"rendered":"https:\/\/ent2d.ac-bordeaux.fr\/disciplines\/3pm\/?page_id=574"},"modified":"2023-03-17T15:41:30","modified_gmt":"2023-03-17T14:41:30","slug":"parcours-metiers","status":"publish","type":"page","link":"https:\/\/ent2d.ac-bordeaux.fr\/disciplines\/3pm\/je-filme-ma-formation\/parcours-metiers\/","title":{"rendered":"Parcours M\u00e9tiers"},"content":{"rendered":"\n<figure class=\"wp-block-image size-full is-resized is-style-default\"><img loading=\"lazy\" decoding=\"async\" src=\"https:\/\/ent2d.ac-bordeaux.fr\/disciplines\/3pm\/wp-content\/uploads\/sites\/74\/2023\/03\/image-31.png\" alt=\"\" class=\"wp-image-576\" width=\"232\" height=\"55\" srcset=\"https:\/\/ent2d.ac-bordeaux.fr\/disciplines\/3pm\/wp-content\/uploads\/sites\/74\/2023\/03\/image-31.png 463w, https:\/\/ent2d.ac-bordeaux.fr\/disciplines\/3pm\/wp-content\/uploads\/sites\/74\/2023\/03\/image-31-300x71.png 300w\" sizes=\"auto, (max-width: 232px) 100vw, 232px\" \/><\/figure>\n\n\n\n<p>Parcours M\u00e9tiershttps:\/\/www.parcoursmetiers.tvD\u00e9couvrez les <em>m\u00e9tiers<\/em> de demain et les formations pour y parvenir gr\u00e2ce aux vid\u00e9os r\u00e9alis\u00e9es par les jeunes.<\/p>\n\n\n\n<figure class=\"wp-block-table is-style-stripes\"><table><tbody><tr><td><a href=\"https:\/\/www.parcoursmetiers.tv\/webTvjfmf\" target=\"_blank\" rel=\"noreferrer noopener\">Je filme ma formation<\/a><\/td><\/tr><tr><td><a href=\"https:\/\/www.parcoursmetiers.tv\/webTvjflmqmp\" target=\"_blank\" rel=\"noreferrer noopener\">Je filme le m\u00e9tier qui me plait<\/a><\/td><\/tr><tr><td><a href=\"https:\/\/www.parcoursmetiers.tv\/page\/2-parcoursmetierstv\" target=\"_blank\" rel=\"noreferrer noopener\">Parcours m\u00e9tiers<\/a><\/td><\/tr><\/tbody><\/table><\/figure>\n\n\n\n<p><\/p>\n","protected":false},"excerpt":{"rendered":"<p>Parcours M\u00e9tiershttps:\/\/www.parcoursmetiers.tvD\u00e9couvrez les m\u00e9tiers de demain et les formations pour y parvenir gr\u00e2ce aux vid\u00e9os r\u00e9alis\u00e9es par les jeunes. Je filme ma formation Je filme le m\u00e9tier qui me plait Parcours m\u00e9tiers<\/p>\n","protected":false},"author":95,"featured_media":585,"parent":565,"menu_order":0,"comment_status":"closed","ping_status":"closed","template":"","meta":{"footnotes":""},"class_list":["post-574","page","type-page","status-publish","has-post-thumbnail","hentry","nodate","item-wrap"],"_links":{"self":[{"href":"https:\/\/ent2d.ac-bordeaux.fr\/disciplines\/3pm\/wp-json\/wp\/v2\/pages\/574","targetHints":{"allow":["GET"]}}],"collection":[{"href":"https:\/\/ent2d.ac-bordeaux.fr\/disciplines\/3pm\/wp-json\/wp\/v2\/pages"}],"about":[{"href":"https:\/\/ent2d.ac-bordeaux.fr\/disciplines\/3pm\/wp-json\/wp\/v2\/types\/page"}],"author":[{"embeddable":true,"href":"https:\/\/ent2d.ac-bordeaux.fr\/disciplines\/3pm\/wp-json\/wp\/v2\/users\/95"}],"replies":[{"embeddable":true,"href":"https:\/\/ent2d.ac-bordeaux.fr\/disciplines\/3pm\/wp-json\/wp\/v2\/comments?post=574"}],"version-history":[{"count":4,"href":"https:\/\/ent2d.ac-bordeaux.fr\/disciplines\/3pm\/wp-json\/wp\/v2\/pages\/574\/revisions"}],"predecessor-version":[{"id":584,"href":"https:\/\/ent2d.ac-bordeaux.fr\/disciplines\/3pm\/wp-json\/wp\/v2\/pages\/574\/revisions\/584"}],"up":[{"embeddable":true,"href":"https:\/\/ent2d.ac-bordeaux.fr\/disciplines\/3pm\/wp-json\/wp\/v2\/pages\/565"}],"wp:featuredmedia":[{"embeddable":true,"href":"https:\/\/ent2d.ac-bordeaux.fr\/disciplines\/3pm\/wp-json\/wp\/v2\/media\/585"}],"wp:attachment":[{"href":"https:\/\/ent2d.ac-bordeaux.fr\/disciplines\/3pm\/wp-json\/wp\/v2\/media?parent=574"}],"curies":[{"name":"wp","href":"https:\/\/api.w.org\/{rel}","templated":true}]}}