{"id":422,"date":"2023-03-02T20:01:55","date_gmt":"2023-03-02T19:01:55","guid":{"rendered":"https:\/\/ent2d.ac-bordeaux.fr\/disciplines\/3pm\/?page_id=422"},"modified":"2023-03-07T16:30:02","modified_gmt":"2023-03-07T15:30:02","slug":"les-parcours-educatifs","status":"publish","type":"page","link":"https:\/\/ent2d.ac-bordeaux.fr\/disciplines\/3pm\/parcours-avenir\/les-parcours-educatifs\/","title":{"rendered":"Les parcours \u00e9ducatifs"},"content":{"rendered":"\n<p>Les quatre parcours \u00e9ducatifs (Avenir, de sant\u00e9, d&rsquo;\u00e9ducation artistique et culturelle, citoyen) permettent de suivre le travail de l&rsquo;\u00e9l\u00e8ve dans ces diff\u00e9rents domaines tout au long de sa scolarit\u00e9.<\/p>\n\n\n\n<p><strong>Qu&rsquo;est-ce qu&rsquo;un parcours \u00e9ducatif&nbsp;?<\/strong><\/p>\n\n\n\n<p class=\"has-text-align-left\">Pour appr\u00e9hender le concept de parcours dans toutes ses dimensions, il est n\u00e9cessaire d&rsquo;envisager les deux acceptions possibles du terme \u00ab parcours \u00bb.<\/p>\n\n\n\n<ul class=\"wp-block-list\"><li><strong>Il y a d&rsquo;une part le parcours du point de vue de l&rsquo;\u00e9tablissement<\/strong>, celui qui fait l&rsquo;objet d&rsquo;une programmation int\u00e9gr\u00e9e \u00e0 l&rsquo;organisation p\u00e9dagogique du coll\u00e8ge ou du lyc\u00e9e. Il s&rsquo;agit du chemin que l&rsquo;on souhaite que les \u00e9l\u00e8ves empruntent.<\/li><li>Il y a d&rsquo;autre part <strong>le parcours du point de vue de l&rsquo;\u00e9l\u00e8ve<\/strong>, celui qu&rsquo;il vit effectivement de fa\u00e7on personnelle et qu&rsquo;il s&rsquo;approprie progressivement.<\/li><\/ul>\n\n\n\n<p><strong>Le parcours \u00e9ducatif s&rsquo;inscrit dans un curriculum<\/strong><\/p>\n\n\n\n<p>\u00c0 l&rsquo;\u00e9cole, au coll\u00e8ge ou au lyc\u00e9e, <strong>la d\u00e9marche curriculaire prend appui sur les programmes et sur les diff\u00e9rents dispositifs p\u00e9dagogiques<\/strong> mis en place (accompagnement personnalis\u00e9, enseignements d&rsquo;exploration, p\u00e9riodes de formation en milieu professionnel, etc.).<\/p>\n\n\n\n<p>Au coll\u00e8ge, le socle commun de connaissances, de comp\u00e9tences et de culture constitue en outre un cadre de r\u00e9f\u00e9rence primordial pour la mise en \u0153uvre des parcours.<\/p>\n\n\n\n<p>La notion de parcours \u00e9ducatif int\u00e8gre ainsi l&rsquo;id\u00e9e d&rsquo;une<strong> acquisition progressive de connaissances et de comp\u00e9tences qui s&rsquo;accumulent tout au long du cheminement de l&rsquo;\u00e9l\u00e8ve<\/strong>, un cheminement dont le principal moteur doit \u00eatre l&rsquo;\u00e9l\u00e8ve lui-m\u00eame. Son accompagnement par toute l&rsquo;\u00e9quipe p\u00e9dagogique doit lui permettre \u00e0 la fois de <strong>structurer ses acquis et de s&rsquo;approprier son propre parcours<\/strong>. Cette appropriation pourra ainsi contribuer \u00e0 donner au parcours sa dimension individuelle.<\/p>\n\n\n\n<h2 class=\"wp-block-heading\">Quels sont les parcours \u00e9ducatifs&nbsp;?<\/h2>\n\n\n\n<h3 class=\"wp-block-heading\" id=\"summary-item-5\">Le parcours Avenir<\/h3>\n\n\n\n<p>De la 6<sup>e<\/sup> \u00e0 la Terminale, le parcours Avenir permet \u00e0 chaque \u00e9l\u00e8ve de construire progressivement son orientation et de d\u00e9couvrir le monde \u00e9conomique et professionnel. Vous trouverez sur \u00e9duscol <a href=\"https:\/\/eduscol.education.fr\/810\/ressources-pour-accompagner-l-orientation\" target=\"_blank\" rel=\"noreferrer noopener\">les objectifs de l&rsquo;accompagnement \u00e0 l&rsquo;orientation et des pistes d&rsquo;actions<\/a>.<\/p>\n\n\n\n<h3 class=\"wp-block-heading\" id=\"summary-item-6\">Le parcours d&rsquo;\u00e9ducation artistique et culturelle<\/h3>\n\n\n\n<p>L\u2019\u00e9ducation artistique et culturelle a pour objectif que <a href=\"https:\/\/eduscol.education.fr\/575\/education-artistique-et-culturelle\" target=\"_blank\" rel=\"noreferrer noopener\">tous les \u00e9l\u00e8ves b\u00e9n\u00e9ficient d\u2019actions artistiques, culturelles et scientifiques de qualit\u00e9<\/a>. Elle poursuit avant tout un objectif qualitatif, construire un parcours d\u2019\u00e9ducation artistique et culturelle coh\u00e9rent et fertile, mais aussi quantitatif, concerner tous les \u00e9l\u00e8ves.<\/p>\n\n\n\n<h3 class=\"wp-block-heading\" id=\"summary-item-7\">La d\u00e9marche \u00c9cole promotrice de sant\u00e9<\/h3>\n\n\n\n<p>Impuls\u00e9e d\u00e8s janvier 2020, <strong>l<\/strong>a <a href=\"https:\/\/eduscol.education.fr\/2063\/je-souhaite-m-engager-dans-la-demarche-ecole-promotrice-de-sante\" target=\"_blank\" rel=\"noreferrer noopener\">d\u00e9marche \u00c9cole promotrice de sant\u00e9<\/a> (EPSa) s\u2019inscrit dans la continuit\u00e9 du parcours \u00e9ducatif de sant\u00e9. Elle a pour enjeu de valoriser les actions et projets d\u00e9j\u00e0 mis en \u0153uvre et de les articuler avec d\u2019autres approches (climat scolaire, \u00e9ducation \u00e0 la sexualit\u00e9 et \u00e0 l\u2019alimentation par exemple) en les inscrivant dans le projet d\u2019\u00e9cole ou d\u2019\u00e9tablissement.<\/p>\n\n\n\n<h3 class=\"wp-block-heading\" id=\"summary-item-8\">Le parcours citoyen de l&rsquo;\u00e9l\u00e8ve<\/h3>\n\n\n\n<p>De l&rsquo;\u00e9cole au lyc\u00e9e, le parcours citoyen vise \u00e0 la construction, par l&rsquo;\u00e9l\u00e8ve, d&rsquo;un jugement moral et civique, \u00e0 l&rsquo;acquisition d&rsquo;un esprit critique et d&rsquo;une culture de l&rsquo;engagement. Vous trouverez sur Eduscol <a rel=\"noreferrer noopener\" href=\"https:\/\/eduscol.education.fr\/1558\/le-parcours-citoyen-de-l-eleve\" target=\"_blank\">les objectifs, les modalit\u00e9s de pilotage et de mise en \u0153uvre<\/a>.<\/p>\n","protected":false},"excerpt":{"rendered":"<p>Les quatre parcours \u00e9ducatifs (Avenir, de sant\u00e9, d&rsquo;\u00e9ducation artistique et culturelle, citoyen) permettent de suivre le travail de l&rsquo;\u00e9l\u00e8ve dans ces diff\u00e9rents domaines tout au long de sa scolarit\u00e9. Qu&rsquo;est-ce qu&rsquo;un parcours \u00e9ducatif&nbsp;? Pour appr\u00e9hender le concept de parcours dans toutes ses dimensions, il est n\u00e9cessaire d&rsquo;envisager les deux acceptions possibles du terme \u00ab parcours &hellip; <\/p>\n<p><a class=\"more-link btn\" href=\"https:\/\/ent2d.ac-bordeaux.fr\/disciplines\/3pm\/parcours-avenir\/les-parcours-educatifs\/\">Lire la suite<\/a><\/p>\n","protected":false},"author":2084,"featured_media":0,"parent":53,"menu_order":0,"comment_status":"closed","ping_status":"closed","template":"","meta":{"footnotes":""},"class_list":["post-422","page","type-page","status-publish","hentry","nodate","item-wrap"],"_links":{"self":[{"href":"https:\/\/ent2d.ac-bordeaux.fr\/disciplines\/3pm\/wp-json\/wp\/v2\/pages\/422","targetHints":{"allow":["GET"]}}],"collection":[{"href":"https:\/\/ent2d.ac-bordeaux.fr\/disciplines\/3pm\/wp-json\/wp\/v2\/pages"}],"about":[{"href":"https:\/\/ent2d.ac-bordeaux.fr\/disciplines\/3pm\/wp-json\/wp\/v2\/types\/page"}],"author":[{"embeddable":true,"href":"https:\/\/ent2d.ac-bordeaux.fr\/disciplines\/3pm\/wp-json\/wp\/v2\/users\/2084"}],"replies":[{"embeddable":true,"href":"https:\/\/ent2d.ac-bordeaux.fr\/disciplines\/3pm\/wp-json\/wp\/v2\/comments?post=422"}],"version-history":[{"count":2,"href":"https:\/\/ent2d.ac-bordeaux.fr\/disciplines\/3pm\/wp-json\/wp\/v2\/pages\/422\/revisions"}],"predecessor-version":[{"id":512,"href":"https:\/\/ent2d.ac-bordeaux.fr\/disciplines\/3pm\/wp-json\/wp\/v2\/pages\/422\/revisions\/512"}],"up":[{"embeddable":true,"href":"https:\/\/ent2d.ac-bordeaux.fr\/disciplines\/3pm\/wp-json\/wp\/v2\/pages\/53"}],"wp:attachment":[{"href":"https:\/\/ent2d.ac-bordeaux.fr\/disciplines\/3pm\/wp-json\/wp\/v2\/media?parent=422"}],"curies":[{"name":"wp","href":"https:\/\/api.w.org\/{rel}","templated":true}]}}